1000010110010
What is -183 (base 12) in base 5?
-1433
264260 (base 7) to base 4
30011330
What is 3536 (base 9) in base 3?
10121020
Convert -626 (base 9) to base 4.
-13332
Convert -12643 (base 7) to base 16.
-d54
Convert -7914 (base 12) to base 4.
-3101200
42003 (base 5) to base 6
20425
-277 (base 14) to base 7
-1310
505553 (base 6) to base 4
21303231
What is -317 (base 14) in base 5?
-4414
3339 (base 15) to base 9
15800
What is -34546 (base 7) in base 15?
-2954
What is 400204 (base 6) in base 8?
74714
Convert -22654 (base 7) to base 5.
-141241
What is 2021122 (base 3) in base 13?
9b0
-1146 (base 7) to base 3
-120210
What is -2111122 (base 3) in base 2?
-11100100010
Convert -12440 (base 10) to base 2.
-11000010011000
Convert 11001101000 (base 2) to base 6.
11332
-1420 (base 12) to base 7
-6534
What is -304d (base 16) in base 6?
-133125
Convert 100111101100 (base 2) to base 11.
19aa
Convert -19da (base 15) to base 7.
-22225
Convert -22212 (base 3) to base 13.
-155
Convert -1102202221 (base 3) to base 16.
-6e6b
Convert 1e7 (base 16) to base 11.
403
Convert -5130 (base 8) to base 4.
-221120
What is 841 (base 11) in base 15?
478
What is -179 (base 11) in base 16?
-cf
What is 2239 (base 11) in base 15?
d16
What is -13d5 (base 16) in base 7?
-20542
Convert 878 (base 9) to base 8.
1317
What is 7517 (base 9) in base 13?
268c
Convert 101110111011 (base 2) to base 8.
5673
-5507 (base 10) to base 7
-22025
-f6 (base 16) to base 9
-303
What is -116351 (base 8) in base 9?
-61082
What is 130516 (base 7) in base 15?
72cd
Convert 2988 (base 16) to base 2.
10100110001000
Convert 2b81 (base 14) to base 2.
1111001001101
254 (base 6) to base 8
152
Convert c52 (base 13) to base 9.
2777
642 (base 13) to base 16
42c
Convert -5341 (base 6) to base 11.
-a03
Convert -212211 (base 3) to base 9.
-784
1112102 (base 3) to base 6
5102
1416 (base 7) to base 10
552
Convert -13686 (base 10) to base 7.
-54621
-11000100 (base 2) to base 14
-100
Convert 604 (base 7) to base 3.
102001
Convert -9c3 (base 16) to base 9.
-3376
What is -110104 (base 5) in base 3?
-12011222
-33321 (base 4) to base 9
-1350
Convert 20221 (base 3) to base 5.
1222
-1001001100 (base 2) to base 14
-300
What is -4032331 (base 5) in base 16?
-fccc
What is 101010 (base 2) in base 9?
46
What is 1ea4 (base 16) in base 11?
5991
What is -498 (base 15) in base 13?
-623
Convert 24b1 (base 15) to base 8.
17210
What is a79 (base 14) in base 10?
2067
What is -1101010110 (base 2) in base 14?
-450
What is -a595 (base 16) in base 14?
-1163b
Convert -100223 (base 4) to base 15.
-4b2
Convert 122122 (base 3) to base 9.
578
What is c15 (base 13) in base 5?
31141
616 (base 14) to base 9
1568
Convert -431344 (base 5) to base 16.
-3907
Convert 21110222 (base 3) to base 5.
133303
What is 20112221 (base 3) in base 14?
1a53
What is -2221 (base 6) in base 7?
-1336
156 (base 15) to base 5
2211
What is 137 (base 13) in base 2?
11010111
Convert -1329 (base 11) to base 15.
-7a0
-819 (base 12) to base 5
-14143
Convert -1020101 (base 3) to base 10.
-901
Convert -134 (base 13) to base 2.
-11010100
What is -120011220 (base 3) in base 9?
-16156
Convert 18b2 (base 15) to base 14.
1d38
22002322 (base 4) to base 16
a0ba
Convert -1122233 (base 4) to base 2.
-1011010101111
Convert -1bd (base 15) to base 4.
-12103
What is -ed58 (base 16) in base 4?
-32311120
-1454 (base 11) to base 4
-131102
Convert 6203 (base 7) to base 3.
2221222
What is 31130 (base 4) in base 16?
35c
What is 137267 (base 8) in base 4?
23322313
What is -1014 (base 14) in base 5?
-42022
Convert 550 (base 15) to base 8.
2260
Convert 33011 (base 5) to base 9.
3076
-66 (base 12) to base 11
-71
Convert -82c (base 16) to base 6.
-13404
-1110 (base 3) to base 2
-100111
Convert -110111010 (base 2) to base 12.
-30a
What is 184 (base 12) in base 8?
364
Convert 2003 (base 5) to base 12.
191
Convert 3472 (base 9) to base 3.
10112102
-5b (base 16) to base 8
-133
1240 (base 5) to base 10
195
What is 2534 (base 8) in base 13?
817
261 (base 15) to base 2
1000011101
-272 (base 13) to base 9
-528
What is -2381 (base 11) in base 15?
-dc9
What is -100200 (base 3) in base 5?
-2021
What is 6643 (base 10) in base 9?
10101
Convert -2410 (base 5) to base 7.
-1015
4431 (base 5) to base 12
434
Convert -11100002 (base 3) to base 12.
-19b5
What is b (base 12) in base 5?
21
Convert -652 (base 10) to base 16.
-28c
What is -102021 (base 7) in base 4?
-10101210
Convert -10210102 (base 3) to base 5.
-42030
12b82 (base 12) to base 7
135302
What is a1a8 (base 15) in base 4?
20111111
589 (base 11) to base 13
420
-14024 (base 10) to base 4
-3123020
-1011110010011001 (base 2) to base 11
-33302
6bc (base 14) to base 6
10114
What is 1223003 (base 4) in base 15?
206b
What is -644 (base 7) in base 9?
-402
-252205 (base 6) to base 5
-1210131
Convert 24a3 (base 16) to base 13.
4366
What is a7 (base 14) in base 2?
10010011
Convert -12a17 (base 14) to base 6.
-552233
-1272 (base 9) to base 15
-43b
Convert -144 (base 9) to base 16.
-79
Convert -7c (base 16) to base 15.
-84
15234 (base 6) to base 11
1946
What is 320 (base 10) in base 5?
2240
Convert 10012020 (base 3) to base 8.
4430
Convert -2454 (base 6) to base 4.
-21202
-4404 (base 5) to base 4
-21130
-3255 (base 7) to base 13
-6ba
What is 82c (base 13) in base 6?
10234
34201 (base 7) to base 12
502a
What is 427 (base 9) in base 6?
1341
What is 11000 (base 4) in base 13?
1b8
What is 2b5b (base 15) in base 3?
110202212
-bc88 (base 14) to base 15
-9a21
10011100111 (base 2) to base 15
58a
What is -414241 (base 5) in base 16?
-3580
Convert f5f (base 16) to base 11.
2a58
-c29 (base 16) to base 7
-12035
Convert -25a (base 13) to base 7.
-1130
What is -137 (base 14) in base 5?
-1440
What is -16cc (base 14) in base 9?
-5555
What is -1752 (base 8) in base 14?
-518
-12bc5 (base 14) to base 16
-b499
5724 (base 8) to base 6
22004
Convert 110453 (base 6) to base 14.
3529
-101000000 (base 2) to base 14
-18c
21022011 (base 3) to base 4
1103023
What is -106 (base 13) in base 15?
-ba
What is 23d (base 16) in base 9?
706
What is -25244 (base 6) in base 3?
-12011201
Convert 2780 (base 16) to base 13.
47ab
Convert -a60 (base 16) to base 5.
-41111
What is 268 (base 14) in base 6?
2124
13001 (base 4) to base 13
287
What is 867 (base 13) in base 14?
749
What is -595 (base 15) in base 8?
-2361
22415 (base 7) to base 13
2792
2010221 (base 3) to base 7
4363
991 (base 10) to base 16
3df
Convert -b (base 15) to base 11.
-10
Convert 2031 (base 6) to base 11.
380
What is 6a6 (base 12) in base 2?
1111011110
What is 567 (base 12) in base 16?
31f
What is 9680 (base 11) in base 2?
11000111111001
What is 45 (base 11) in base 9?
54
Convert 7d0 (base 14) to base 5.
22204
451 (base 11) to base 16
21c
Convert 51a (base 11) to base 14.
32a
Convert -300 (base 10) to base 15.
-150
54a7 (base 13) to base 12
69b2
Convert 1526 (base 11) to base 7.
5504
Convert 1101110101111 (base 2) to base 5.
211322
Convert 2368 (base 9) to base 7.
5066
Convert -132b9 (base 13) to base 9.
-53802
What is -21100 (base 4) in base 12?
-414
Convert -4311 (base 5) to base 6.
-2405
Convert -17e4 (base 16) to base 4.
-1133210
What is -2bc (base 13) in base 16?
-1ed
What is 505 (base 13) in base 12?
5aa
-15929 (base 14) to base 13
-1b720
What is -125 (base 10) in base 3?
-11122
Convert 13111330 (base 4) to base 12.
154a4
What is 4092 (base 10) in base 3?
12121120
What is 4203 (base 6) in base 9?
1253
-1030 (base 5) to base 13
-aa
320313 (base 4) to base 9
4883
Convert -85c9 (base 16) to base 14.
-c6a5
2235 (base 6) to base 12
37b
927 (base 11) to base 14
59c
What is -1011210 (base 3) in base 14?
-454
149a (base 16) to base 11
3a65
Convert 57376 (base 8) to base 14.
8c10
Convert -11723 (base 8) to base 7.
-20540
Convert 1e7c (base 15) to base 7.
25236
-1228 (base 9) to base 6
-4125
116b (base 13) to base 3
10100221
Convert -3223 (base 11) to base 2.
-1000010100100
Convert 2031013 (base 4) to base 3.
110101111
Convert 1732 (base 10) to base 4.
123010
13a (base 12) to base 3
21001
-5141 (base 6) to base 16
-475
What is 61765 (base 8) in base 10?
25589
10021121 (base 3) to base 14
c2c
Convert 44d (base 14) to base 6.
3541
Convert -636 (base 10) to base 7.
-1566
What is b40 (base 13) in base 7?
5400
Convert 110110010 (base 2) to base 4.
12302
Co